-2*d. Let f be ((-6)/(-9))/((-2)/(-36)). Suppose -f = -3*y - 3*u - o*u, 2*y + 5*u = 8. What is the units digit of y?
4
Suppose p + 5*r = -7 + 50, -4*p - 4*r + 252 = 0. What is the tens digit of p?
6
Let b(h) be the first derivative of h**4/4 + 8*h**3/3 + h**2 + 10*h - 3. Let v be b(-8). Let p(j) = j**2 + 6*j + 2. What is the units digit of p(v)?
2
Suppose -n = 5*n. Suppose n - 9 = -3*h. What is the units digit of h?
3
Suppose -k - n + 54 = 0, -7*k + 201 = -3*k - n. Suppose 5*g - 2*g - k = 0. What is the tens digit of g?
1
Suppose t = 3*t + 8. Let x = t + 1. What is the units digit of (-4)/12 - 13/x?
4
Suppose 2*v + 5*f - 355 = 0, 835 = 11*v - 6*v - 5*f. What is the hundreds digit of v?
1
Let s = 11 - 1. Suppose -3*m = -s + 1. Let a = m + 2. What is the units digit of a?
5
Let u(m) = m + 10. What is the units digit of u(-4)?
6
Let w = 62 - 13. Suppose 5*x - 4*z - 21 = w, x - 14 = 4*z. What is the units digit of x?
4
Let i = 3 + -5. Let r(u) = 2*u**2 + 2*u - 2. Let z be r(i). Suppose -6*w - 11 = -3*w + 5*t, -z*t = -5*w + 23. What is the units digit of w?
3
Let j(r) = 2*r**2 - 5*r + 3. Let z be j(3). Let o = z + -4. What is the units digit of o?
2
Let h(t) = -t**3 - 7*t**2 - 6*t - 5. Let j be h(-6). Let b = -2 - j. What is the units digit of b?
3
Suppose 3*z + 4*g - 1 = -16, 15 = -3*z - 2*g. Let q = z - -9. Suppose -2 = -3*h + q. What is the units digit of h?
2
Let c(b) = b**2 - 6*b + 3. Let r be c(6). Let t be 105/7*2/6. What is the units digit of t + 2*r/(-6)?
4
Let g(f) = f**2 + 8*f - 16. What is the units digit of g(-13)?
9
Suppose 0 = g - c - 233, -5*g + 1444 = 3*c + 263. What is the units digit of g?
5
Suppose 0*t + 92 = 4*t - 2*q, q + 92 = 4*t. What is the units digit of t?
3
Let c = 207 + -97. Suppose -2*u - u + 6 = 0, u = 4*g - c. What is the units digit of g?
8
Let m(z) = z**3 + 11*z**2 + 11*z + 13. What is the units digit of m(-9)?
6
Suppose -x - x + 10 = 0. Suppose 3*i = x*i - 4. Suppose 3*j - 7 = i. What is the units digit of j?
3
Suppose 0 = 5*j - 4*u + 36 - 429, -4*u = 2*j - 146. What is the tens digit of j?
7
Suppose 2 = -u + 3. Let b(h) = 2*h + 1. Let x be b(u). Suppose 2*l - 17 = -x. What is the units digit of l?
7
What is the units digit of 12/4 + 3 - -2?
8
Suppose 5*x + 528 = -2*b, -39 = -x - 5*b - 163. Let r = -73 - x. What is the units digit of r?
1
Let q be 6/(-21) + 69/21. What is the units digit of q*15/18*2?
5
Suppose 0*g + 4*q = 4*g, -5*q = -2*g. Let j(h) = h**3 - h**2 + 6. What is the units digit of j(g)?
6
What is the units digit of (-5)/10*4 - -64?
2
Let d = 20 + -4. Suppose -p + d = -2*z - 5*p, 4*p = -z - 16. Let q = z - -1. What is the units digit of q?
1
Let n = -47 + 67. Suppose 3*b = 2*d - 0*d - 2, 0 = -5*d + n. Let k(q) = 5*q - 2. What is the units digit of k(b)?
8
Let c(h) = -h**3 - 9*h**2 - h - 6. Let d(t) = -6*t + 3. Let l be d(2). Let q be c(l). Suppose 2*x = -q*x + 10. What is the units digit of x?
2
Suppose -w - 52 + 8 = 0. What is the units digit of -4*(2 + w/8)?
4
Let y = 18 + -13. Suppose 0*i = i - y. What is the units digit of i?
5
What is the tens digit of ((-20)/(-6))/((-17)/(-51))?
1
Suppose -2*n + 1 + 11 = 0. Let f = n - -17. What is the units digit of f?
3
What is the units digit of (8 - 6)*(246/(-4))/(-3)?
1
Suppose -4*n + 147 = 15. What is the units digit of n?
3
Let z(w) = -6*w - 1 + 45*w**2 - 22*w**2 - 24*w**2. What is the units digit of z(-3)?
8
Let y be -6 + (1/(-1) - 0). Let d = -26 + 27. Let h = d - y. What is the units digit of h?
8
Suppose -53*c = -48*c - 550. What is the hundreds digit of c?
1
Let t(x) = 4*x**2 + 7*x + 10. Let h(c) = 11*c**2 + 20*c + 29. Let y(u) = 3*h(u) - 8*t(u). What is the units digit of y(-5)?
2
Let i(k) = -k**2 - 6*k + 8. Let m be i(-6). Suppose 2*s + s = -o - m, 14 = s - 3*o. What is the units digit of (4 - 5)*s*6?
6
What is the units digit of 5*(-1 - 78/(-10))?
4
Suppose k = -k + 4*a - 16, -5*a + 20 = 0. Let l(r) be the third derivative of r**5/60 + r**4/24 + 11*r**3/3 + r**2. What is the tens digit of l(k)?
2
Let b = 3 + 0. Let j(r) = r**2 - r - 4. Let f be j(3). Suppose 0 = f*x - b*x + 7. What is the units digit of x?
7
Let j(m) = -m**3 - m**2 + 17. Let l(g) = g**2 - 4*g + 2. Let t be l(4). Suppose t*a + a = 0. What is the units digit of j(a)?
7
Suppose -84*h + 83*h = -228. What is the tens digit of h?
2
Suppose 3*v - 15 = 0, 4*v - 32 = 2*s - 5*s. Suppose m + s*m = 105. What is the tens digit of m?
2
Let p(w) = -w + 1. Let n be p(-2). Suppose 2*z - 29 = n*z. Let a = z + 40. What is the units digit of a?
1
Suppose 4*m = -48 + 260. Let v = -25 + m. What is the tens digit of v?
2
Let y = 2 + -2. Suppose 0 = -2*j - v + 8, y = -5*j - 2*v - 3 + 21. Suppose 3*a - j*z - z - 27 = 0, -4*a - 3*z + 1 = 0. What is the units digit of a?
4
Suppose 5 = p - 2*q + 3*q, -2*p + 6 = q. Let u = 23 - p. What is the units digit of u?
2
Let q(b) = 4*b**2 - 3*b - 2. Let p(g) = -5*g**2 + 4*g + 3. Let a(u) = 5*p(u) + 6*q(u). Let h be a(-2). Let w(y) = -2*y - 3. What is the units digit of w(h)?
7
Let w(u) = u + 8. Let n be w(-5). Let i(l) = 2 + l - 3 + 0. What is the units digit of i(n)?
2
Let a(b) = b**2 + 13*b - 23. What is the units digit of a(-16)?
5
Let k = -83 - -192. What is the hundreds digit of k?
1
Let k = 15 - 12. Suppose -5*d = -3*y - 185, -k*y = -d + 2*y + 37. What is the units digit of d?
7
Suppose -t = -2*t - 4*p - 4, 2 = 3*t + 5*p. Let f = t - 3. Let q = 4 - f. What is the units digit of q?
3
Let s(a) = -2*a**3 - 2*a**2 - a - 4. Let l be s(-3). Suppose -13 = -3*w + l. Suppose d + 24 = 4*r - 2*d, 4*d = w. What is the units digit of r?
9
Suppose 0 = 4*a - 2*c - 24, a - 3*a - 12 = 5*c. Suppose 19 = a*q - 53. What is the tens digit of q?
1
Suppose -4*n - 5 = -65. What is the units digit of ((-26)/65)/((-1)/n)?
6
Let z(v) = v. Let s be z(4). Let m(n) = -4 - s*n - n + n. What is the units digit of m(-3)?
8
Let p = 8 + -5. Suppose p*w + 400 + 62 = 0. What is the units digit of ((-1)/(-2))/((-7)/w)?
1
Suppose -5*m - 1 = -6. Let j = m - 0. Let i(p) = 8*p**2. What is the units digit of i(j)?
8
Let w = 58 + -11. What is the tens digit of w?
4
Let x be -1 + (-1)/((-1)/2). Let g = 9 + x. Let s = g + 1. What is the tens digit of s?
1
Let c(z) = -z**3 - 3*z**2 - 3*z. Let d be 12/(-5) + (-6)/(-15). Let y be c(d). Suppose y - 3 = -x. What is the units digit of x?
1
Let i(h) = 4. Let r(c) = c + 9. Let k(s) = 10*i(s) - 4*r(s). What is the units digit of k(-7)?
2
Let g(t) = 4*t**3 - t**2 - t + 1. Let l be g(1). What is the units digit of 48*(l/(-9))/(-1)?
6
Suppose o + 138 = 6*o - k, 0 = -2*k - 6. What is the tens digit of o?
2
Let j be (-19 - 1) + 1 + -2. Suppose -2*o - 4 = -w, -2*w - o - 22 = o. Let n = w - j. What is the tens digit of n?
1
Suppose 3*j - 324 = -0*j. What is the hundreds digit of j?
1
Suppose 3*p + 9 = 0, 4*d - p = -d + 153. Suppose 5*r - 2*s - d = -5*s, -2*s = 0. Suppose -4*m = -r*m + 14. What is the units digit of m?
7
What is the tens digit of (126/(-27) + -6)/(4/(-30))?
8
Suppose -5*g = -2 - 18. What is the units digit of g?
4
Suppose -40 = -h + 3. Let l be (2/(-4))/(1/62). Let p = h + l. What is the units digit of p?
2
Let j(s) = s - 3. Let z be j(-3). Let v = 5 + z. What is the units digit of 4 + (v - (2 + -1))?
2
Let k = -184 + 386. What is the hundreds digit of k?
2
Let b(o) = -80*o + 6. Let d(w) = -16*w + 1. Let m(s) = 3*b(s) - 16*d(s). Let q(t) = -8*t - 1. Let n(c) = 3*m(c) + 5*q(c). What is the units digit of n(1)?
9
Let j = -10 - -7. What is the tens digit of (0 - 99/j) + 1?
3
Let l = 2 + 0. Suppose -g + 51 = l*g. What is the tens digit of g?
1
Let t(y) = -2*y + 35. What is the units digit of t(0)?
5
Suppose -u + 3 = -13. Suppose -4 = -4*w - u. Let p(c) = c**2 + c - 1. What is the units digit of p(w)?
5
Let z be (-4)/18 - 40/(-18). Let b(r) = -r**2 + 5*r - 4. Let x be b(6). What is the tens digit of (-5 + z)*x/3?
1
Let o be ((-2)/(-3))/(6/333). Suppose -3*n + m = -0*n - o, m = n - 15. What is the units digit of n?
1
Let q(v) = v**3 + 5*v**2 + 4*v - 6. Let g be q(-5). What is the units digit of g/(-39) - (-122)/6?
1
Let g(f) be the third derivative of -f**6/120 - f**5/15 + f**4/8 - f**3/6 + f**2. Let s be g(-5). Suppose -s = -2*b - b. What is the units digit of b?
3
Suppose -4*x - x + 215 = 5*s, -5*s = -4*x + 136. Suppose f - 3 = -n, -f = 3*n - 4*f - x. What